Calculate the highest common divisor of 75 and 100.
25
What is the greatest common divisor of 16885 and 110?
55
Calculate the greatest common factor of 5 and 19.
1
What is the highest common factor of 1557 and 171?
9
What is the highest common factor of 3 and 339?
3
What is the greatest common divisor of 33 and 3597?
33
What is the highest common factor of 1323 and 18?
9
Calculate the greatest common factor of 6 and 16.
2
What is the greatest common factor of 10 and 85?
5
Calculate the greatest common factor of 3066 and 18.
6
Calculate the greatest common factor of 182 and 26.
26
Calculate the highest common divisor of 428 and 292.
4
What is the greatest common divisor of 26 and 182?
26
Calculate the greatest common divisor of 197 and 21276.
197
What is the greatest common factor of 127 and 38989?
127
What is the greatest common factor of 982 and 6?
2
What is the greatest common divisor of 12 and 93?
3
What is the greatest common factor of 174 and 1334?
58
Calculate the highest common divisor of 85073 and 353.
353
Calculate the highest common factor of 8864 and 32.
32
Calculate the greatest common divisor of 272 and 64.
16
Calculate the highest common divisor of 251 and 12299.
251
What is the greatest common divisor of 704 and 792?
88
Calculate the greatest common divisor of 170 and 60.
10
What is the greatest common divisor of 5274 and 18?
18
What is the greatest common divisor of 9 and 3609?
9
Calculate the greatest common divisor of 9118 and 194.
194
What is the greatest common factor of 1162 and 70?
14
Calculate the greatest common factor of 153 and 2244.
51
What is the greatest common factor of 4293 and 648?
81
What is the highest common divisor of 6255 and 9?
9
Calculate the highest common factor of 1775 and 71.
71
What is the greatest common factor of 464 and 32?
16
What is the highest common divisor of 876 and 12?
12
What is the greatest common factor of 254 and 3683?
127
What is the highest common divisor of 2 and 594?
2
Calculate the highest common divisor of 1248 and 78.
78
Calculate the greatest common factor of 1391 and 535.
107
What is the greatest common factor of 66 and 550?
22
Calculate the highest common factor of 426 and 54.
6
What is the highest common factor of 6032 and 48?
16
Calculate the highest common divisor of 1588 and 8.
4
What is the greatest common divisor of 34 and 63053?
17
What is the highest common factor of 52 and 11817?
13
What is the highest common factor of 440 and 980?
20
What is the highest common divisor of 172 and 1333?
43
Calculate the greatest common divisor of 44 and 1903.
11
Calculate the greatest common divisor of 2388 and 132.
12
Calculate the highest common factor of 104 and 12.
4
Calculate the highest common divisor of 200 and 175.
25
What is the greatest common factor of 11 and 9977?
11
Calculate the greatest common factor of 1775 and 568.
71
What is the greatest common factor of 28 and 231?
7
Calculate the highest common factor of 252 and 5166.
126
What is the highest common factor of 82 and 1025?
41
What is the highest common factor of 9846 and 54?
18
What is the highest common factor of 22 and 232?
2
Calculate the highest common factor of 128 and 864.
32
Calculate the highest common divisor of 337 and 5.
1
Calculate the greatest common factor of 1 and 506.
1
What is the greatest common divisor of 2067 and 477?
159
What is the highest common factor of 3025 and 121?
121
What is the greatest common divisor of 35 and 700?
35
Calculate the greatest common factor of 1420 and 125.
5
What is the highest common factor of 682 and 198?
22
What is the greatest common divisor of 552 and 161?
23
What is the highest common divisor of 2635 and 682?
31
What is the greatest common divisor of 48 and 400?
16
Calculate the greatest common divisor of 1612 and 62.
62
What is the greatest common divisor of 36 and 270?
18
What is the highest common divisor of 516 and 24?
12
What is the highest common factor of 392 and 280?
56
Calculate the greatest common divisor of 60 and 276.
12
What is the greatest common divisor of 528 and 1254?
66
Calculate the highest common divisor of 438 and 8614.
146
Calculate the highest common factor of 57 and 437.
19
What is the greatest common factor of 58 and 174?
58
What is the greatest common factor of 323 and 31331?
323
What is the highest common factor of 70 and 385?
35
Calculate the greatest common divisor of 130 and 234.
26
Calculate the highest common divisor of 153 and 9707.
17
What is the highest common factor of 8 and 1444?
4
Calculate the greatest common divisor of 1728 and 2048.
64
What is the highest common factor of 60 and 24?
12
What is the highest common factor of 1035 and 180?
45
What is the greatest common factor of 58 and 50663?
29
Calculate the greatest common factor of 130 and 2230.
10
Calculate the greatest common factor of 12939 and 114.
57
Calculate the highest common factor of 36 and 1506.
6
Calculate the greatest common factor of 109 and 981.
109
What is the highest common factor of 1110 and 10?
10
Calculate the highest common divisor of 297 and 737.
11
Calculate the highest common factor of 621 and 81.
27
What is the highest common factor of 14 and 168?
14
What is the greatest common factor of 19 and 1273?
19
Calculate the highest common factor of 1521 and 4225.
169
What is the highest common factor of 1144 and 176?
88
Calculate the highest common divisor of 147 and 637.
49
What is the highest common divisor of 150 and 375?
75
What is the highest common divisor of 57 and 133?
19
What is the greatest common factor of 1960 and 28?
28
Calculate the greatest common factor of 88 and 124.
4
Calculate the highest common divisor of 1 and 239.
1
Calculate the highest common divisor of 102 and 6.
6
What is the highest common divisor of 35 and 45?
5
What is the greatest common factor of 106 and 3392?
106
What is the highest common divisor of 18 and 720?
18
Calculate the highest common divisor of 84 and 72.
12
Calculate the highest common factor of 24 and 5784.
24
What is the highest common factor of 21760 and 512?
256
Calculate the greatest common factor of 15 and 62385.
15
What is the highest common factor of 70 and 20?
10
What is the highest common factor of 1775 and 142?
71
Calculate the greatest common factor of 6777 and 27.
27
Calculate the highest common factor of 50 and 45.
5
Calculate the highest common factor of 198 and 738.
18
What is the greatest common divisor of 720 and 15?
15
Calculate the highest common divisor of 280 and 30.
10
What is the highest common factor of 74880 and 16?
16
What is the highest common divisor of 25808 and 16?
16
Calculate the greatest common divisor of 1456 and 2128.
112
Calculate the greatest common divisor of 63 and 49.
7
Calculate the greatest common divisor of 52 and 494.
26
Calculate the greatest common factor of 52 and 75140.
52
Calculate the highest common divisor of 12243 and 924.
231
What is the highest common factor of 8847 and 9?
9
Calculate the highest common factor of 30 and 40.
10
What is the greatest common factor of 234 and 806?
26
What is the highest common divisor of 26775 and 21?
21
What is the greatest common divisor of 9191 and 26?
13
Calculate the greatest common divisor of 54 and 288.
18
What is the greatest common factor of 111 and 7622?
37
Calculate the highest common factor of 99 and 138.
3
Calculate the highest common factor of 1785 and 6195.
105
Calculate the greatest common factor of 161 and 28.
7
What is the greatest common factor of 8 and 98?
2
Calculate the greatest common factor of 13 and 4043.
13
Calculate the greatest common divisor of 899 and 29.
29
What is the highest common factor of 142 and 8023?
71
Calculate the greatest common factor of 21 and 861.
21
What is the highest common divisor of 20 and 820?
20
Calculate the highest common divisor of 38 and 4142.
38
Calculate the highest common factor of 12958 and 76.
38
Calculate the highest common factor of 54 and 666.
18
What is the greatest common factor of 1289 and 1?
1
Calculate the highest common factor of 26 and 715.
13
Calculate the highest common factor of 20 and 655.
5
What is the highest common factor of 5085 and 180?
45
What is the greatest common divisor of 19688 and 552?
184
What is the greatest common factor of 113 and 113?
113